t is the greatest common divisor of t and 185?
37
Let t be ((-90856)/(-1385))/((-4)/(-50)). What is the greatest common factor of t and 80?
20
Let t(c) = -c**3 + 4*c**2 + 33. Let f be t(5). Suppose -186 = -k - d, 3*k - 3*d + f*d = 550. What is the greatest common divisor of 30 and k?
10
Let s = 69 - -31. Let t = s - 46. Calculate the greatest common divisor of 27 and t.
27
Suppose -3*f - 27 = -4*z, 4*f = 2*z - 6 - 0. What is the greatest common divisor of 3726 and z?
9
Let y be (-568)/(-3) + (112/(-12) - -9)*1. Calculate the highest common divisor of y and 1215.
27
Suppose -688 + 1194 = 46*u. Calculate the highest common divisor of 1903 and u.
11
Let p(z) = -25*z - 345. Let y be p(-15). Let x(g) = 6*g**2 - 7*g + 17. Let m be x(8). Calculate the highest common factor of y and m.
15
Suppose -95*o + 3354 = 504. Calculate the highest common divisor of o and 825.
15
Suppose 0 = x + 42*x - 258. Calculate the greatest common divisor of 42 and x.
6
Suppose 4*s = l - 9, -2*l + 21 = 2*s - 7*s. Suppose 2*o + l = 5*p + 3*o, -5*p + 11 = 2*o. What is the greatest common divisor of 3 and p?
3
Let x be (32/24)/(-4) - 7/(-3). Let l(i) = 2*i**2 - 4*i**x - 10 - 9 + 3*i**2 + 6*i. Let p be l(-10). Calculate the highest common factor of 168 and p.
21
Let n(m) = -208*m**3 - m**2 - m. Let c be n(-1). Suppose 107*q - 664 - 469 = 258. Calculate the highest common factor of q and c.
13
Suppose 0 = -o - k + 71, -2*o + 9*k + 154 = 7*k. What is the highest common factor of o and 19499?
37
Let d(g) = 10*g**2 - 11*g - 19. Suppose -5*b = 5*c + 45, -5*b - 4*c + 15 - 56 = 0. Let l be d(b). Calculate the greatest common divisor of l and 39.
13
Suppose -5*c + 662 = -3*x, -783*c + 779*c = -2*x - 532. Calculate the greatest common factor of 952 and c.
136
Let u(j) = -61*j - 3. Let d be u(-1). What is the highest common divisor of d and 551?
29
Suppose -5*z - 4*j = 1446, -4*z + 8*z + 2*j = -1152. Let m = z + 376. What is the highest common factor of m and 30?
30
Suppose 22*i - 21 = 13*i + 339. Calculate the highest common divisor of 310 and i.
10
Suppose -68*f - o = -70*f + 836, 4*f - 3*o - 1666 = 0. What is the greatest common divisor of 4 and f?
1
Let f be 124/5 + (27 - 3484/130). Calculate the greatest common divisor of f and 1715.
5
Suppose 0 = 4*f - 0*f - 840. Suppose 5*o - 830 = -75*y + 72*y, 0 = -6*y + o + 1682. What is the highest common divisor of f and y?
70
Suppose 5*w + 708 - 733 = 0. Suppose w*m - 29 - 46 = 0. Calculate the highest common divisor of 60 and m.
15
Let u be (-182)/(-49) - (-2)/7. Suppose 405 = 3*i - 3*w, 2*i - 3*w = u*i - 245. Let v = i + -70. Calculate the greatest common factor of v and 12.
12
Let y(m) = -2 + 0 + 0*m**3 + 61*m + m**3 - 8 + 16*m**2. Let k be y(-7). Calculate the greatest common factor of 8 and k.
4
Let m = -4 + 7. Let v be (-9)/((-3)/12*3). What is the highest common factor of v and m?
3
Suppose -65*u + 375402 + 197742 = 23*u. What is the greatest common factor of 78 and u?
39
Let n be (496/88)/((-8)/(-2024)). Calculate the greatest common divisor of n and 155.
31
Suppose -i + 4*s = -37, 0 = -i + 5*i + 2*s - 130. Suppose 0 = 19*a - 4*a - 2475. Calculate the highest common factor of i and a.
33
Let l be 25/(-5) - 4/((-12)/225). Suppose -5*m = -5*k - 14 - 56, -k + l = 5*m. What is the highest common divisor of m and 448?
14
Suppose -4*g + 23*y + 45678 = 20*y, -5*g + 2*y + 57108 = 0. What is the greatest common divisor of g and 51?
51
Let v = -31 + 18. Let y be (-2)/(-41) + (-60680)/3362. Let h = v - y. Calculate the greatest common divisor of 1 and h.
1
Let t = 364 + -418. Let k be t/(-5 + 9 + -6). Let s(n) = 3*n**2 - 4*n + 3. Let f be s(-6). Calculate the highest common factor of k and f.
27
Let t = 0 - 0. Suppose t*m - 66 = -2*m. Suppose -825*j + 4459 = -13691. Calculate the greatest common divisor of m and j.
11
Let b = -2311 + 5215. Calculate the highest common divisor of b and 8.
8
Let w be -7 - 171/(-36) - (-1494)/24. Calculate the highest common factor of w and 990.
30
Suppose -193*i + 233 = -169*i - 79. Calculate the greatest common factor of i and 74.
1
Suppose 0 = 5*a - 3*d - 10 - 29, -3*d = -2*a + 12. Calculate the highest common divisor of 11007 and a.
9
Suppose 56 = -0*z + 4*z. Let r = 24 - z. Suppose 4*d = -b + 69 + 29, b - 113 = d. What is the greatest common factor of b and r?
10
Let h be 2/(-8) - 222*(-1)/(-8). Let x(b) = b**3 + 29*b**2 + 28*b + 24. Let a be x(h). What is the greatest common divisor of a and 36?
12
Let w be (-304)/(-171) - (-2)/9. Suppose -w*y - 80 = -9*r + 4*r, -5*y - 65 = -5*r. What is the highest common divisor of 63 and r?
9
Let p(x) = 287*x - 1165. Let g be p(5). Calculate the highest common divisor of 864 and g.
54
Let d be -1 + (-18)/(-14) - (-7)/(1764/2438028). What is the greatest common divisor of d and 5?
5
Let q = -15794 - -22662. What is the greatest common divisor of q and 101?
101
Suppose 5*w + 4*x = 170, 4*x + 34 = w + x. Let s = w - -18. Suppose -567 = -22*t + 2293. What is the highest common factor of t and s?
26
Let a(o) = 2*o**3 + 24*o**2 - 34*o + 17. Let j be a(5). Calculate the greatest common factor of j and 984.
41
Suppose 4 = -3*c - 5*r, 8 = -2*c - 93*r + 95*r. Let u be 10*(c - (-56)/16). What is the greatest common factor of u and 20?
5
Let m = 233 - -91. Let x = 711 + -699. What is the greatest common divisor of x and m?
12
Suppose 2278 = 86*r + 34*r - 5282. What is the highest common factor of r and 99?
9
Let r(f) = -2*f**2 - 36*f + 9. Let y(c) = -2*c**3 - 10*c**2 + 4*c + 2. Let x be y(-5). Let q be r(x). What is the highest common factor of q and 99?
9
Suppose -v + 0*v + 9 = 20*j - 19*j, -j = 0. What is the highest common factor of 40 and v?
1
Let c(n) = n**3 + 19*n**2 - n - 16. Let g be 2 - (2 - 1)/(2 - 1). Let w be ((1 - g)*-1)/2 + -19. Let b be c(w). What is the highest common divisor of 21 and b?
3
Let g be (-270)/(-9)*(3 - 13/5). Suppose 0*u - g = -4*u, 0 = -2*z + 3*u + 121. Calculate the highest common divisor of z and 13.
13
Suppose -4*q + 2*x + 699 + 49 = 0, 5*q - 2*x - 934 = 0. Calculate the greatest common factor of q and 4.
2
Let x(m) = 12*m**2 + 97*m - 97. Let s be x(1). Calculate the highest common factor of 19296 and s.
12
Let n(o) = -5*o - 3. Let l be n(-2). Suppose h = j - l, 3*j + 11 = 2*j - 5*h. Let t = j - -3. Calculate the highest common divisor of 21 and t.
7
Suppose -24*k + 25*k + 217*k - 16786 = 0. Suppose 376 = d + 4*r - 337, r = 5*d - 3460. What is the greatest common factor of k and d?
77
Suppose -20*u - 58 = -238. Suppose -5*l = k - 11, 3*k = -l + 3 + 2. Let s be (l + -4 + 1)*-1. What is the highest common divisor of u and s?
1
Suppose 3*o = -2*y + 66, 0 = -5*y - 5*o - 215 + 355. Suppose -12 = 3*i, a - 500 = -4*a + 5*i. What is the highest common factor of y and a?
6
Let m be 207 + (66/24 - (-4)/16). Suppose -6*v + m = v. Calculate the greatest common factor of v and 330.
30
Let k(o) be the first derivative of -7*o**2 - 42*o - 1. Let j be k(-19). Suppose 0 = -7*m + j + 168. What is the greatest common divisor of 8 and m?
8
Suppose -20698 - 1332 - 83 = -117*c. What is the greatest common divisor of 91 and c?
7
Let m be (0 - 0 - 3)/(-3)*16. Suppose -10*d + m = -24. Let r(p) = 2*p**3 - 4*p**2 - 8*p. Let v be r(d). Calculate the greatest common divisor of 256 and v.
32
Suppose 28 = 5*u - 17. Let m = 13 - u. Suppose -m*v - 2*d + 80 = 0, 5*v - 3*d = d + 100. What is the greatest common factor of 180 and v?
20
Suppose 5 = -d, 1515 = 5*b + 4*d - 815. What is the highest common factor of b and 20?
10
Let g be 8/10 - 2 - 80/100. Let p be g/8 + 132/16. What is the greatest common factor of 7 and p?
1
Let d = -200 - -903. Suppose d - 721 = -g. What is the greatest common divisor of 36 and g?
18
Let o(v) = 2*v**2 + 6*v - 11. Let u be o(-5). Suppose -8*j + 87 + u = 0. Let a be -1 + 1 + 26 + 4. What is the greatest common factor of j and a?
6
Let w = 1756 - 1729. Calculate the greatest common divisor of w and 24.
3
Let u = 194 - 152. What is the greatest common factor of u and 21?
21
Let q be (9/5 + 864/(-180))*-375. Calculate the highest common divisor of q and 45.
45
Suppose -2*o = -138*y + 143*y - 2550, 3*y - 4*o = 1530. What is the greatest common divisor of y and 870?
30
Let q = 21695 - 19913. Calculate the greatest common factor of 88 and q.
22
Suppose -m 